 What is y(-1)?
-1010
Let y(w) = w**3 - 45*w**2 - 35*w - 93. What is y(46)?
413
Let z(a) = -2*a**3 + 4*a**2 - 10*a + 12. Determine z(1).
4
Let a(y) = -2*y**2 - 27*y - 83. What is a(-5)?
2
Let g(w) = w**3 - 11*w**2 - 1076*w + 10866. Give g(10).
6
Let q(h) = 6*h**2 + 205*h - 866. Give q(-38).
8
Let a(v) = -5*v**3 + 6*v**2 - 14*v - 14. What is a(-1)?
11
Let v(y) = y**3 + 50*y**2 - 106*y - 84. What is v(-52)?
20
Let h(b) = 2*b**3 - 173*b**2 + 252*b + 254. Calculate h(85).
-1
Let u(r) = r**2 + 64*r + 1021. Determine u(-34).
1
Let l(u) = 8*u**3 - 67*u**2 + 24*u - 7. Calculate l(8).
-7
Let s(q) = 2*q**2 + 150*q - 1169. Calculate s(-82).
-21
Let z(a) = -a**3 - 10*a**2 - 207*a - 2081. Give z(-10).
-11
Let n(b) = -42*b + 2254. Give n(54).
-14
Let t(r) = 49*r**2 - 21*r + 61. Calculate t(3).
439
Let u(b) = 2*b**3 - 60*b**2 - 1117*b - 44. Determine u(43).
-1
Let h(z) = -z**3 - 20*z**2 - 49*z + 37. Calculate h(-14).
-453
Let q(c) = 18*c**2 - 251*c - 21. Calculate q(14).
-7
Let m(k) = -32*k + 1398. What is m(51)?
-234
Let h(d) = 12*d**2 - 177*d + 24. Determine h(13).
-249
Let u(n) = -3*n**2 - 12*n - 31. Calculate u(-5).
-46
Let k(q) = -2*q**2 + 25*q - 28. What is k(10)?
22
Let g(u) = u**3 - 13*u**2 + 54*u - 148. Determine g(9).
14
Let b(y) = -2*y**3 - 13*y**2 + y + 9. Determine b(-6).
-33
Let t(k) = 101*k + 896. What is t(-9)?
-13
Let n(c) = -29*c + 1504. What is n(49)?
83
Let j(x) = 273*x - 1021. Determine j(4).
71
Let q(d) = -1166*d + 3499. Determine q(3).
1
Let t(i) = -7*i**2 - 1666*i - 1667. What is t(-1)?
-8
Let k(n) = -n**2 - 2325*n - 6975. Give k(-3).
-9
Let z(k) = -11*k**3 + k**2 - 27*k + 57. Calculate z(2).
-81
Let v(a) = a**3 - 11*a**2 - 11*a - 13. What is v(12)?
-1
Let x(q) = -q**3 + 2*q**2 + 23*q + 32. Determine x(-6).
182
Let u(m) = m**2 + 114*m + 1309. What is u(-101)?
-4
Let h(x) = -22*x - 440. What is h(-26)?
132
Let a(g) = 174*g + 651. Give a(-6).
-393
Let c(b) = 218*b + 9110. Calculate c(-42).
-46
Let r(v) = 1322*v + 3954. Calculate r(-3).
-12
Let c(y) = 2*y**3 + 101*y**2 + 328*y - 166. Give c(-47).
-119
Let u(v) = -8656*v + 181782. Determine u(21).
6
Let b(m) = -13*m + 70. Calculate b(7).
-21
Let k(y) = -6*y**3 - 137*y**2 + 31*y + 168. Give k(-23).
-16
Let q(i) = 6*i + 527. Calculate q(-9).
473
Let z(x) = x**3 + 13*x**2 + x + 36. What is z(-13)?
23
Let k(q) = -967*q - 4748. Calculate k(-5).
87
Let d(p) = 23*p + 2006. Give d(-87).
5
Let u(m) = 3*m**2 - 17*m + 11. What is u(4)?
-9
Let q(d) = -115*d + 3462. Calculate q(30).
12
Let g(i) = -8*i**2 + 130*i - 258. Calculate g(2).
-30
Let r(f) = -2*f**2 - 145*f + 1935. What is r(-84)?
3
Let x(w) = 44*w**2 + 54*w - 71. What is x(-2)?
-3
Let o(s) = 400*s - 108794. What is o(272)?
6
Let j(k) = 16*k**2 - 119*k + 6. Calculate j(5).
-189
Let f(i) = i**3 + 25*i**2 + 88*i - 44. What is f(-20)?
196
Let w(n) = 113*n**2 + 322*n - 321. Determine w(1).
114
Let z(j) = 2*j**3 - 37*j**2 + 10*j + 82. Give z(18).
-62
Let x(s) = -423*s - 16908. Determine x(-40).
12
Let w(s) = 2889*s + 25978. Give w(-9).
-23
Let y(a) = -a**3 - 8*a**2 + 32*a + 205. Give y(-7).
-68
Let r(j) = -j + 16. What is r(8)?
8
Let a(w) = -2*w**2 + 14*w + 214. Determine a(15).
-26
Let t(c) = -11*c + 1094. Determine t(62).
412
Let m(v) = -2*v**2 + 200*v - 2264. Determine m(13).
-2
Let h(o) = 2*o**3 + 41*o**2 + 27*o - 43. Give h(-20).
-183
Let q(o) = -4*o + 7. What is q(-3)?
19
Let j(o) = 1390*o + 6907. Determine j(-5).
-43
Let p(f) = -f**3 - 9*f**2 - 5*f + 7. What is p(-6)?
-71
Let k(n) = n + 1. Calculate k(25).
26
Let w(o) = o**2 + 382*o + 12456. Calculate w(-36).
0
Let z(u) = -2*u**2 - 7*u + 23. Calculate z(-8).
-49
Let h(t) = t**2 + 66*t + 234. Calculate h(-62).
-14
Let u(a) = 6*a**3 + 51*a**2 - 92*a - 29. Determine u(-10).
-9
Let r(i) = -38*i**2 - 9*i - 24. Give r(-2).
-158
Let n(d) = -1205*d + 9633. Give n(8).
-7
Let k(w) = -5*w**3 + 35*w**2 + 25*w + 16. Give k(8).
-104
Let u(b) = 162*b - 6186. Give u(38).
-30
Let d(g) = -150*g - 742. Calculate d(-5).
8
Let b(a) = 283*a - 795. What is b(3)?
54
Let p(c) = c**2 - 21*c + 3. Give p(9).
-105
Let c(w) = 2*w**3 - 3*w**2 - w + 28. What is c(3)?
52
Let h(i) = -35*i**2 + 525*i - 1748. Give h(10).
2
Let b(v) = 9*v**2 + 320*v - 319. Give b(1).
10
Let z(o) = -6*o + 44. Give z(7).
2
Let l(x) = -2*x**3 + 93*x**2 - 44*x - 96. What is l(46)?
-4
Let u(s) = -s**2 - 23*s - 82. What is u(-16)?
30
Let d(q) = 3*q**2 - 19*q + 22. Give d(1).
6
Let v(m) = 15*m - 92. Determine v(7).
13
Let i(v) = -v**2 - 49*v + 1810. Calculate i(24).
58
Let z(t) = t**2 - 72*t + 435. Calculate z(65).
-20
Let f(k) = -k**2 + 19*k - 67. Calculate f(13).
11
Let u(w) = -2*w**2 + 26*w - 86. What is u(4)?
-14
Let g(n) = -15*n**2 - 75*n. Calculate g(-5).
0
Let x(d) = 474*d - 919. Calculate x(2).
29
Let m(s) = s**2 + 28*s - 56. Give m(-24).
-152
Let q(j) = -j**2 + 30*j + 561. Give q(-14).
-55
Let b(q) = -2*q**2 + 31*q - 113. Determine b(12).
-29
Let d(l) = 2*l**2 + 180*l - 243. Give d(-92).
125
Let w(t) = 3*t**2 - 174*t + 2374. Calculate w(22).
-2
Let d(j) = j**3 - 14*j**2 + 15*j + 62. Calculate d(12).
-46
Let m(o) = 17*o + 105. What is m(-6)?
3
Let h(k) = k**3 + 78*k**2 + 23*k + 1793. Give h(-78).
-1
Let t(u) = 2*u**3 - 44*u**2 - 34*u - 242. What is t(23)?
34
Let d(u) = -u**3 - 78*u**2 + 159*u - 126. What is d(-80)?
-46
Let y(k) = 2*k**3 + 29*k**2 + 88*k - 22. Give y(-10).
-2
Let f(j) = j**3 + 44*j**2 + 244*j - 279. Calculate f(-37).
276
Let c(u) = -103*u + 111. Determine c(-3).
420
Let y(m) = m**3 + 31*m**2 + 113*m + 147. Calculate y(-27).
12
Let y(x) = -30*x + 275. Determine y(10).
-25
Let f(q) = 2*q**2 + 663*q + 9503. What is f(-15)?
8
Let x(l) = 11*l - 161. Calculate x(15).
4
Let u(q) = q**2 + 499*q + 33895. What is u(-81)?
37
Let n(j) = -j**3 - 50*j**2 - 3*j - 141. Determine n(-50).
9
Let v(g) = 2*g + 69. Calculate v(-48).
-27
Let x(z) = 71*z**3 - z**2 + z. What is x(-1)?
-73
Let a(p) = p**3 - 37*p**2 + 28*p + 45. Give a(36).
-243
Let o(t) = 10*t**2 - 423*t + 6. What is o(42)?
-120
Let g(l) = -14*l**2 - 30*l + 12. Determine g(-3).
-24
Let b(l) = 13*l - 62. What is b(3)?
-23
Let d(s) = 5*s**3 + 455*s**2 - s - 82. Give d(-91).
9
Let f(o) = 65*o**3 + 33*o**2 - 33*o + 1. Calculate f(1).
66
Let h(z) = -z**2 - 119*z - 1192. Give h(-108).
-4
Let v(y) = 3*y**2 + 54*y + 157. Give v(-4).
-11
Let w(h) = 63*h**3 - 252*h**2 - h - 9. Give w(4).
-13
Let i(b) = -188*b - 2708. Give i(-14).
-76
Let r(d) = 15*d**2 + 3*d + 22. Give r(-4).
250
Let h(x) = 2*x**2 + 153*x - 121. What is h(-77)?
-44
Let t(g) = -4096*g - 65531. Give t(-16).
5
Let f(g) = 19*g - 472. What is f(14)?
-206
Let x(f) = -42*f + 647. Determine x(15).
17
Let v(q) = -2*q**2 + 3*q - 2. Calculate v(3).
-11
Let x(t) = -2190*t - 41614. Calculate x(-19).
-4
Let w(q) = -26*q + 46. What is w(1)?
20
Let m(i) = -i**3 + 21*i**2 + 4*i - 11. Determine m(21).
73
Let o(t) = t**2 + 24*t + 88. Calculate o(-16).
-40
Let a(r) = 21*r - 64. Calculate a(4).
20
Let l(v) = 4*v**2 - 16*v - 38. What is l(-4)?
90
Let w(r) = r**2 + 23*r - 1573. Give w(-53).
17
Let m(p) = 45*p - 781. Give m(19).
74
Let p(h) = -h**2 - 58*h - 522. Determine p(-49).
-81
Let h(u) = 45*u - 156. Calculate h(7).
159
Let q(z) = -971*z - 5832. Calculate q(-6).
-6
Let k(o) = -251*o + 1732. Determine k(7).
-25
Let a(u) = u**3 + 38*u**2 + 83*u + 395. Give a(-36).
-1
Let y(q) = 564*q - 2827. Determine y(5).
-7
Let q(t) = 4*t**3 + t**2 - 74*t - 75. Calculate q(-1).
-4
Let b(m) = 102*m - 20926. Calculate b(205).
-16
Let t(m) = m**3 + 36*m**2 + 26. Calculate t(-36).
26
Let a(k) = 172*k + 656. Give a(-4).
-32
Let c(o) = 129*o - 4895. Give c(38).
7
Let p(y) = y**3 + 24*y**2 - 2*y - 573. Calculate p(-23).
2
Let o(n) = 1334*n + 161419. Calculate o(-121).
5
Let r(j) = -26*j - 119. Give r(-4).
-15
Let u(w) = 58*w**2 - 752*w + 13. Determine u(13).
39
Let w(o) = -2*o**2 - 3*o - 17. What is w(-6)?
-71
Let h(b) = -48*b - 280. Determine h(-7).
56
Let o(z) = z**3 + 13*z**2 + 12*z + 138. Determine o(-13).
-18
Let k(b) = -3*b**2 + 1334*b - 5297. Give k(4).
-9
Let x(k) = -k**3 - 101*k**2 - 469*k + 1057. Calculate x(-96).
1
Let p(g) = -2*g**3 - 32*g**2 - 28*g - 17. Determine p(-15).
-47
Let c(g) = 533*g - 1065. Determine c(2).
1
Let w(x) = -8*x - 617. Determine w(-60).
-137
Let z(m) = 56*m - 1442. Give z(26).
14
Let v(l) = -l**3 + 4*l**2 + 30*l - 123. Determine v